d by p(0).
7
Let d(t) = -2*t**2 - 11*t - 6. Calculate the remainder when 11 is divided by d(-4).
5
Let a = 8 + 11. Suppose -i - 30 = -6*i. Calculate the remainder when 32/i*27/4 is divided by a.
17
Suppose 12 + 9 = 7*g. Suppose 0*z + 3*z = -15. Calculate the remainder when 65 is divided by 352/20 + g/z.
14
Let r = -9 + 64. Calculate the remainder when r is divided by 29.
26
Suppose 0 = 3*w + w - 8. Suppose w*l - 5*t + 35 = 4*l, 3*l + 3*t = 39. What is the remainder when 18 is divided by l?
8
Let f be (-7)/(-1*(-1)/(-2)). Suppose 7 + 7 = c - 3*i, -4*i = c - f. What is the remainder when 54 is divided by c?
12
Let w be 1/(-5) + (-147)/(-35). Suppose 75 = 9*c - w*c. Suppose -4*s = -h + 3*h - 8, 4*h + s = 23. What is the remainder when c is divided by h?
3
Suppose d + 0*d = 40. What is the remainder when d is divided by 11?
7
Suppose -4*s = -19 - 1. Suppose 3*i - 85 = -5*a + 4*a, s*i + 5*a - 145 = 0. What is the remainder when i is divided by 11?
6
Suppose 3*w - 89 = 28. What is the remainder when w is divided by 20?
19
Suppose 6*z - 4*z - 30 = 0. What is the remainder when 59 is divided by z?
14
Suppose 3*m - 2*m = 88. Let d = 15 - 13. Suppose d*j = -2*j + m. Calculate the remainder when j is divided by 8.
6
Let r = -3 - -53. Calculate the remainder when (-4)/10 - (-270)/r is divided by 4.
1
What is the remainder when -1 + (-13 - -4)/(-3) is divided by 2?
0
Let s(q) = -q**3 - q**2 + 2*q. Calculate the remainder when 23 is divided by s(-3).
11
Let b(g) = 2*g**2 - 2*g - 1. Suppose -3*a - 2*a + 5*f + 10 = 0, -2*a - 5*f = -25. What is the remainder when a is divided by b(-1)?
2
Let l = 47 - 43. What is the remainder when 10 is divided by l?
2
Let g = -39 - -53. Calculate the remainder when 39 is divided by g.
11
Let b(u) be the third derivative of -2*u**2 - 1/120*u**6 - 7/6*u**3 - 1/12*u**5 + 0 - 5/24*u**4 + 0*u. What is the remainder when b(-5) is divided by 10?
8
Suppose m + 2*m = 12, 0 = -5*b - 2*m + 18. Calculate the remainder when -4*(-1)/10 + 832/20 is divided by 108/5 - b/(-5).
20
Suppose 3*t + 42 = 225. What is the remainder when t is divided by (-1)/1*(2 + -23)?
19
Let i = 9 - -1. Let d = 21 + -15. What is the remainder when i is divided by d?
4
Let v = -26 + 62. Let b = v + -25. Suppose -r + 29 = -n - 4*n, 3*r + 5*n = -13. Calculate the remainder when b is divided by r.
3
Suppose 4*k = -4*y + 115 + 45, 2*y = k - 31. Calculate the remainder when k is divided by 20.
17
Let l(k) = k**2 - 2*k - 12. Let b be ((-2)/3)/(4/(-192)). Suppose -b = -s - 3*s. What is the remainder when s is divided by l(5)?
2
Let f be 44/(-7) + (-6)/(-21). Let i = f + 7. Suppose x = i + 17. What is the remainder when 34 is divided by x?
16
Suppose 3*q - 4*u - 65 = 89, 0 = 4*q - 2*u - 212. Suppose 3*y + 96 = 4*w + 2*y, -q = -2*w + 2*y. What is the remainder when w is divided by 12?
11
Suppose 4*o + o - 115 = 0. Let s = o + -14. What is the remainder when 2/(-6) - (-228)/9 is divided by s?
7
Suppose c + 3*u = -0*c - 41, 5*c = 5*u - 105. Calculate the remainder when 4/c + 2424/39 is divided by 16.
14
Suppose -5*a = -t - 53, -4*t + 21 - 3 = 3*a. Suppose 5*x + 3*h = 5*h + 167, -5*x + 171 = -h. What is the remainder when x/2 - (-7)/14 is divided by a?
8
Let g = -3 - -4. Let n = 1 + g. Suppose -4*j + 14 = n*v - 0*v, 2*v = 2*j - 4. What is the remainder when 8 is divided by j?
2
Let k(w) = -w + 3. Let d = 0 + 5. Suppose -22 = u - 2*u + 5*o, 5*u = -d*o + 20. What is the remainder when u is divided by k(0)?
1
Suppose r = -2*r + 21. Suppose -2*k + 10 = 3*k. Calculate the remainder when r is divided by k.
1
Let s be -1*6/(-2)*-1. What is the remainder when 3/1 - 605/(-11) is divided by (20 - 2) + (-1 - s)?
18
Let b(w) be the first derivative of 3*w**2/2 - 6*w + 1. Let k be b(8). What is the remainder when 1/(3/4)*k is divided by 13?
11
Suppose -5*n = -d - 8, -2*n + 10 = -0*n. Calculate the remainder when d is divided by 3/9 + (-17)/(-3).
5
Suppose 3*l + 11 = -2*x - 7, 4*l + 16 = 0. What is the remainder when 86 - 8 - (0 - x) is divided by 19?
18
Suppose 0 = -2*k + 4*k + q - 43, q = 3*k - 57. Calculate the remainder when 52 is divided by k.
12
Calculate the remainder when 70 is divided by ((-40)/(-30))/((-2)/(-36)).
22
Let b(w) = 27*w**2 - 1. What is the remainder when b(-1) is divided by 14?
12
What is the remainder when 51 is divided by (1/(-3))/((-2)/174)?
22
Suppose 0 = 6*w - 2*w - 80. Let y(b) = 15*b**2 - 2*b + 2. What is the remainder when y(2) is divided by w?
18
Let y = 157 - 89. What is the remainder when y is divided by 7?
5
Suppose -2*q + 48 = q - 3*o, -2*o - 4 = 0. Suppose 4*p + 68 = 4*z, -5*p - 63 + q = -2*z. Suppose t = -0*t + z. Calculate the remainder when 21 is divided by t.
9
Suppose -380 = -10*t - 30. Calculate the remainder when 134 is divided by t.
29
Suppose -5*k = 3 - 283. What is the remainder when k is divided by 29?
27
Let z = -9 + 49. Calculate the remainder when z is divided by 11.
7
Suppose s - 5*s + 52 = 0. Calculate the remainder when 36 is divided by s.
10
Suppose 0 = -5*c + 3 + 12. Suppose 3*o - 45 = -3*r, -o - 65 = -c*r - r. Suppose 6 + 0 = l. What is the remainder when r is divided by l?
4
Let x(w) = 6*w - 13. Calculate the remainder when x(9) is divided by 21.
20
Suppose -3*y = -9*y + 78. Let g = 44 - 19. Calculate the remainder when g is divided by y.
12
Let q(d) = -14*d**3 + d**2 - 1. Calculate the remainder when 41 is divided by q(-1).
13
Let p = 10 + -7. Let d(i) = -2*i**3 + i**2 - 2*i - 2. Let j be d(-2). Suppose p*h - 17 - j = 0. What is the remainder when h is divided by 5?
3
Let h = 6 + 0. Suppose -3*l + 7 = -s, 0 = -3*l - 4 + 19. Calculate the remainder when s is divided by h.
2
Calculate the remainder when 2/3 + (-488)/(-6) is divided by 14.
12
Let h = 45 + -28. Calculate the remainder when h is divided by 7.
3
Let a be (9/(-12))/(2/(-8)). Suppose -m + 3*m - 36 = -a*j, -4*j + 4*m + 68 = 0. Calculate the remainder when 40 is divided by j.
12
Let q(x) be the third derivative of -x**6/120 + x**5/10 + x**4/24 - x**3/3 + 5*x**2. Calculate the remainder when q(5) is divided by 15.
13
Let u = 69 - 41. Suppose i + 100 = 5*l + 5*i, -4*i = 2*l - u. Calculate the remainder when l is divided by 13.
11
Suppose j - z = -j + 7, 3*z - 9 = -4*j. Suppose 2*t = 4*k - 454, 0 = -0*k - j*k - 4*t + 357. Calculate the remainder when k/4 + 6/(-8) is divided by 15.
13
Let h = 5 - 5. Suppose h = -5*k - 2*d - 10, d - 6*d = -k + 25. Calculate the remainder when 18 is divided by 1 - (k + -1 + -8).
8
Let s = 2 + -1. Calculate the remainder when 3 is divided by s.
0
Let n = 0 + 2. Suppose 5 = -n*d + 27. Let z(k) = -31*k + 1. What is the remainder when z(-1) is divided by d?
10
Let x(v) = v - 1. Let a(q) = -q**2 + 4*q - 12. Let z(k) = -a(k) + 3*x(k). Let u = 41 - 24. What is the remainder when u is divided by z(0)?
8
Suppose -4*u = -20 - 4. Suppose i = -c + 6, -4*i - u + 24 = -2*c. Calculate the remainder when 18 is divided by i.
3
Calculate the remainder when 33 is divided by (-1)/(((-5)/(-75))/(-1)).
3
Suppose j - 34 + 9 = 0. What is the remainder when j is divided by 9?
7
Let b(n) = -n**3 - 2*n**2 - n. Calculate the remainder when b(-3) is divided by 5.
2
Let b(w) = -w**3 + 4*w + 6. Let r be b(-5). Let i = r - 30. Calculate the remainder when i is divided by 21.
18
Let y = -33 - -51. What is the remainder when y is divided by 10?
8
Let q = -167 - -313. Suppose 5*d = q + 119. What is the remainder when d is divided by 28?
25
Let r = 105 - 75. Calculate the remainder when r is divided by 16.
14
Let g be 3/((-4 + 1)/3). What is the remainder when 31 is divided by ((-7)/3 - g)*24?
15
Let i be (-4)/(-6) + (-20)/(-6). Let o = i + 6. Suppose -5*s = -2*d + 37 + 4, -2*d - 5*s = -31. Calculate the remainder when d is divided by o.
8
Let a = -1 - -6. Let z = -2 + a. Let u = 0 + 7. Calculate the remainder when u is divided by z.
1
Suppose 367 = 4*q - 185. What is the remainder when q is divided by 28?
26
Suppose -4*m - 5 = m. Suppose w + 5*f + 2 = 0, w + w + 3*f = 3. Let i = w + m. Calculate the remainder when i is divided by 1.
0
Suppose -3 = -2*w + 3. Suppose 5*d = -j + 69, 4*d + 4*j = w*d + 10. Suppose -2*x = -0*x - d. Calculate the remainder when x is divided by 3.
1
Suppose -9 = a - 4*a. Let y = -6 - -14. Calculate the remainder when y is divided by a.
2
Suppose -2*o -